{"id":5405,"date":"2022-11-25T01:02:26","date_gmt":"2022-11-25T01:02:26","guid":{"rendered":"https:\/\/lenz.fi\/?post_type=avada_faq&#038;p=5405"},"modified":"2022-11-25T01:11:14","modified_gmt":"2022-11-25T01:11:14","slug":"toimivatko-projektitiimilaiset-yrittajina-vai-tyontekijoina","status":"publish","type":"avada_faq","link":"https:\/\/lenzlatam.com\/fi\/faq-items\/toimivatko-projektitiimilaiset-yrittajina-vai-tyontekijoina\/","title":{"rendered":"Toimivatko projektitiimil\u00e4iset yritt\u00e4jin\u00e4 vai ty\u00f6ntekij\u00f6in\u00e4?"},"content":{"rendered":"<p><span style=\"font-weight: 400;\">Kaikki projektitiimeihin valitut toimivat kevytyritt\u00e4jin\u00e4. Lenzin ty\u00f6projektissa voi siis kokeilla matalalla kynnyksell\u00e4 yritt\u00e4j\u00e4n\u00e4 olemista yhteis\u00f6llisell\u00e4 meiningill\u00e4 ja kokeneemmat yritt\u00e4j\u00e4t tukevat yritt\u00e4jyyden polulla. Ja vaikka sulla olisi jo Y-tunnus ja oma yritys valmiina: ei h\u00e4t\u00e4\u00e4, voit k\u00e4ytt\u00e4\u00e4 sit\u00e4 my\u00f6s Lenzin projekteissa!\u00a0<\/span><\/p>\n<p>&nbsp;<\/p>\n<p><span style=\"font-weight: 400;\">Perehdyt\u00e4mme kaikki projektity\u00f6l\u00e4iset Lenzin ty\u00f6skentelymalliin projektin alussa.<\/span><\/p>\n","protected":false},"excerpt":{"rendered":"<p>Kaikki projektitiimeihin valitut toimivat kevytyritt\u00e4jin\u00e4. Lenzin ty\u00f6projektissa voi siis kokeilla matalalla kynnyksell\u00e4 yritt\u00e4j\u00e4n\u00e4 olemista yhteis\u00f6llisell\u00e4 meiningill\u00e4 ja kokeneemmat [&hellip;]<\/p>\n","protected":false},"author":1,"featured_media":0,"menu_order":0,"comment_status":"open","ping_status":"closed","template":"","format":"standard","meta":{"footnotes":""},"faq_category":[42],"class_list":["post-5405","avada_faq","type-avada_faq","status-publish","format-standard","hentry","faq_category-opiskelijoille"],"yoast_head":"<!-- This site is optimized with the Yoast SEO plugin v25.6 - https:\/\/yoast.com\/wordpress\/plugins\/seo\/ -->\n<title>Toimivatko projektitiimil\u00e4iset yritt\u00e4jin\u00e4 vai ty\u00f6ntekij\u00f6in\u00e4? - Lenz<\/title>\n<meta name=\"robots\" content=\"index, follow, max-snippet:-1, max-image-preview:large, max-video-preview:-1\" \/>\n<link rel=\"canonical\" href=\"https:\/\/lenzlatam.com\/faq-items\/toimivatko-projektitiimilaiset-yrittajina-vai-tyontekijoina\/\" \/>\n<meta property=\"og:locale\" content=\"fi_FI\" \/>\n<meta property=\"og:type\" content=\"article\" \/>\n<meta property=\"og:title\" content=\"Toimivatko projektitiimil\u00e4iset yritt\u00e4jin\u00e4 vai ty\u00f6ntekij\u00f6in\u00e4? - Lenz\" \/>\n<meta property=\"og:description\" content=\"Kaikki projektitiimeihin valitut toimivat kevytyritt\u00e4jin\u00e4. Lenzin ty\u00f6projektissa voi siis kokeilla matalalla kynnyksell\u00e4 yritt\u00e4j\u00e4n\u00e4 olemista yhteis\u00f6llisell\u00e4 meiningill\u00e4 ja kokeneemmat [&hellip;]\" \/>\n<meta property=\"og:url\" content=\"https:\/\/lenzlatam.com\/faq-items\/toimivatko-projektitiimilaiset-yrittajina-vai-tyontekijoina\/\" \/>\n<meta property=\"og:site_name\" content=\"Lenz\" \/>\n<meta property=\"article:modified_time\" content=\"2022-11-25T01:11:14+00:00\" \/>\n<meta name=\"twitter:card\" content=\"summary_large_image\" \/>\n<meta name=\"twitter:label1\" content=\"Arvioitu lukuaika\" \/>\n\t<meta name=\"twitter:data1\" content=\"1 minuutti\" \/>\n<script type=\"application\/ld+json\" class=\"yoast-schema-graph\">{\"@context\":\"https:\/\/schema.org\",\"@graph\":[{\"@type\":\"WebPage\",\"@id\":\"https:\/\/lenzlatam.com\/faq-items\/toimivatko-projektitiimilaiset-yrittajina-vai-tyontekijoina\/\",\"url\":\"https:\/\/lenzlatam.com\/faq-items\/toimivatko-projektitiimilaiset-yrittajina-vai-tyontekijoina\/\",\"name\":\"Toimivatko projektitiimil\u00e4iset yritt\u00e4jin\u00e4 vai ty\u00f6ntekij\u00f6in\u00e4? - Lenz\",\"isPartOf\":{\"@id\":\"https:\/\/lenzlatam.com\/#website\"},\"datePublished\":\"2022-11-25T01:02:26+00:00\",\"dateModified\":\"2022-11-25T01:11:14+00:00\",\"breadcrumb\":{\"@id\":\"https:\/\/lenzlatam.com\/faq-items\/toimivatko-projektitiimilaiset-yrittajina-vai-tyontekijoina\/#breadcrumb\"},\"inLanguage\":\"fi\",\"potentialAction\":[{\"@type\":\"ReadAction\",\"target\":[\"https:\/\/lenzlatam.com\/faq-items\/toimivatko-projektitiimilaiset-yrittajina-vai-tyontekijoina\/\"]}]},{\"@type\":\"BreadcrumbList\",\"@id\":\"https:\/\/lenzlatam.com\/faq-items\/toimivatko-projektitiimilaiset-yrittajina-vai-tyontekijoina\/#breadcrumb\",\"itemListElement\":[{\"@type\":\"ListItem\",\"position\":1,\"name\":\"Etusivu\",\"item\":\"https:\/\/lenzlatam.com\/\"},{\"@type\":\"ListItem\",\"position\":2,\"name\":\"FAQs\",\"item\":\"https:\/\/lenzlatam.com\/faq-items\/\"},{\"@type\":\"ListItem\",\"position\":3,\"name\":\"Toimivatko projektitiimil\u00e4iset yritt\u00e4jin\u00e4 vai ty\u00f6ntekij\u00f6in\u00e4?\"}]},{\"@type\":\"WebSite\",\"@id\":\"https:\/\/lenzlatam.com\/#website\",\"url\":\"https:\/\/lenzlatam.com\/\",\"name\":\"Lenz\",\"description\":\"Lenz\",\"potentialAction\":[{\"@type\":\"SearchAction\",\"target\":{\"@type\":\"EntryPoint\",\"urlTemplate\":\"https:\/\/lenzlatam.com\/?s={search_term_string}\"},\"query-input\":{\"@type\":\"PropertyValueSpecification\",\"valueRequired\":true,\"valueName\":\"search_term_string\"}}],\"inLanguage\":\"fi\"}]}<\/script>\n<!-- \/ Yoast SEO plugin. -->","yoast_head_json":{"title":"Toimivatko projektitiimil\u00e4iset yritt\u00e4jin\u00e4 vai ty\u00f6ntekij\u00f6in\u00e4? - Lenz","robots":{"index":"index","follow":"follow","max-snippet":"max-snippet:-1","max-image-preview":"max-image-preview:large","max-video-preview":"max-video-preview:-1"},"canonical":"https:\/\/lenzlatam.com\/faq-items\/toimivatko-projektitiimilaiset-yrittajina-vai-tyontekijoina\/","og_locale":"fi_FI","og_type":"article","og_title":"Toimivatko projektitiimil\u00e4iset yritt\u00e4jin\u00e4 vai ty\u00f6ntekij\u00f6in\u00e4? - Lenz","og_description":"Kaikki projektitiimeihin valitut toimivat kevytyritt\u00e4jin\u00e4. Lenzin ty\u00f6projektissa voi siis kokeilla matalalla kynnyksell\u00e4 yritt\u00e4j\u00e4n\u00e4 olemista yhteis\u00f6llisell\u00e4 meiningill\u00e4 ja kokeneemmat [&hellip;]","og_url":"https:\/\/lenzlatam.com\/faq-items\/toimivatko-projektitiimilaiset-yrittajina-vai-tyontekijoina\/","og_site_name":"Lenz","article_modified_time":"2022-11-25T01:11:14+00:00","twitter_card":"summary_large_image","twitter_misc":{"Arvioitu lukuaika":"1 minuutti"},"schema":{"@context":"https:\/\/schema.org","@graph":[{"@type":"WebPage","@id":"https:\/\/lenzlatam.com\/faq-items\/toimivatko-projektitiimilaiset-yrittajina-vai-tyontekijoina\/","url":"https:\/\/lenzlatam.com\/faq-items\/toimivatko-projektitiimilaiset-yrittajina-vai-tyontekijoina\/","name":"Toimivatko projektitiimil\u00e4iset yritt\u00e4jin\u00e4 vai ty\u00f6ntekij\u00f6in\u00e4? - Lenz","isPartOf":{"@id":"https:\/\/lenzlatam.com\/#website"},"datePublished":"2022-11-25T01:02:26+00:00","dateModified":"2022-11-25T01:11:14+00:00","breadcrumb":{"@id":"https:\/\/lenzlatam.com\/faq-items\/toimivatko-projektitiimilaiset-yrittajina-vai-tyontekijoina\/#breadcrumb"},"inLanguage":"fi","potentialAction":[{"@type":"ReadAction","target":["https:\/\/lenzlatam.com\/faq-items\/toimivatko-projektitiimilaiset-yrittajina-vai-tyontekijoina\/"]}]},{"@type":"BreadcrumbList","@id":"https:\/\/lenzlatam.com\/faq-items\/toimivatko-projektitiimilaiset-yrittajina-vai-tyontekijoina\/#breadcrumb","itemListElement":[{"@type":"ListItem","position":1,"name":"Etusivu","item":"https:\/\/lenzlatam.com\/"},{"@type":"ListItem","position":2,"name":"FAQs","item":"https:\/\/lenzlatam.com\/faq-items\/"},{"@type":"ListItem","position":3,"name":"Toimivatko projektitiimil\u00e4iset yritt\u00e4jin\u00e4 vai ty\u00f6ntekij\u00f6in\u00e4?"}]},{"@type":"WebSite","@id":"https:\/\/lenzlatam.com\/#website","url":"https:\/\/lenzlatam.com\/","name":"Lenz","description":"Lenz","potentialAction":[{"@type":"SearchAction","target":{"@type":"EntryPoint","urlTemplate":"https:\/\/lenzlatam.com\/?s={search_term_string}"},"query-input":{"@type":"PropertyValueSpecification","valueRequired":true,"valueName":"search_term_string"}}],"inLanguage":"fi"}]}},"_links":{"self":[{"href":"https:\/\/lenzlatam.com\/fi\/wp-json\/wp\/v2\/avada_faq\/5405"}],"collection":[{"href":"https:\/\/lenzlatam.com\/fi\/wp-json\/wp\/v2\/avada_faq"}],"about":[{"href":"https:\/\/lenzlatam.com\/fi\/wp-json\/wp\/v2\/types\/avada_faq"}],"author":[{"embeddable":true,"href":"https:\/\/lenzlatam.com\/fi\/wp-json\/wp\/v2\/users\/1"}],"replies":[{"embeddable":true,"href":"https:\/\/lenzlatam.com\/fi\/wp-json\/wp\/v2\/comments?post=5405"}],"version-history":[{"count":1,"href":"https:\/\/lenzlatam.com\/fi\/wp-json\/wp\/v2\/avada_faq\/5405\/revisions"}],"predecessor-version":[{"id":5406,"href":"https:\/\/lenzlatam.com\/fi\/wp-json\/wp\/v2\/avada_faq\/5405\/revisions\/5406"}],"wp:attachment":[{"href":"https:\/\/lenzlatam.com\/fi\/wp-json\/wp\/v2\/media?parent=5405"}],"wp:term":[{"taxonomy":"faq_category","embeddable":true,"href":"https:\/\/lenzlatam.com\/fi\/wp-json\/wp\/v2\/faq_category?post=5405"}],"curies":[{"name":"wp","href":"https:\/\/api.w.org\/{rel}","templated":true}]}}

Toimivatko projektitiimiläiset yrittäjinä vai työntekijöinä?

<p><span style="font-weight: 400;">Kaikki projektitiimeihin valitut toimivat kevytyrittäjinä. Lenzin työprojektissa voi siis kokeilla matalalla kynnyksellä yrittäjänä olemista yhteisöllisellä meiningillä ja kokeneemmat yrittäjät tukevat yrittäjyyden polulla. Ja vaikka sulla olisi jo Y-tunnus ja oma yritys valmiina: ei hätää, voit käyttää sitä myös Lenzin projekteissa! </span></p>
<p>&nbsp;</p>
<p><span style="font-weight: 400;">Perehdytämme kaikki projektityöläiset Lenzin työskentelymalliin projektin alussa.</span></p>

<p>Kaikki projektitiimeihin valitut toimivat kevytyrittäjinä. Lenzin työprojektissa voi siis kokeilla matalalla kynnyksellä yrittäjänä olemista yhteisöllisellä meiningillä ja kokeneemmat [&hellip;]</p>

<!-- This site is optimized with the Yoast SEO plugin v25.6 - https://yoast.com/wordpress/plugins/seo/ -->
<title>Toimivatko projektitiimiläiset yrittäjinä vai työntekijöinä? - Lenz</title>
<meta name="robots" content="index, follow, max-snippet:-1, max-image-preview:large, max-video-preview:-1" />
<link rel="canonical" href="https://lenzlatam.com/faq-items/toimivatko-projektitiimilaiset-yrittajina-vai-tyontekijoina/" />
<meta property="og:locale" content="fi_FI" />
<meta property="og:type" content="article" />
<meta property="og:title" content="Toimivatko projektitiimiläiset yrittäjinä vai työntekijöinä? - Lenz" />
<meta property="og:description" content="Kaikki projektitiimeihin valitut toimivat kevytyrittäjinä. Lenzin työprojektissa voi siis kokeilla matalalla kynnyksellä yrittäjänä olemista yhteisöllisellä meiningillä ja kokeneemmat [&hellip;]" />
<meta property="og:url" content="https://lenzlatam.com/faq-items/toimivatko-projektitiimilaiset-yrittajina-vai-tyontekijoina/" />
<meta property="og:site_name" content="Lenz" />
<meta property="article:modified_time" content="2022-11-25T01:11:14+00:00" />
<meta name="twitter:card" content="summary_large_image" />
<meta name="twitter:label1" content="Arvioitu lukuaika" />
	<meta name="twitter:data1" content="1 minuutti" />
<script type="application/ld+json" class="yoast-schema-graph">{"@context":"https://schema.org","@graph":[{"@type":"WebPage","@id":"https://lenzlatam.com/faq-items/toimivatko-projektitiimilaiset-yrittajina-vai-tyontekijoina/","url":"https://lenzlatam.com/faq-items/toimivatko-projektitiimilaiset-yrittajina-vai-tyontekijoina/","name":"Toimivatko projektitiimiläiset yrittäjinä vai työntekijöinä? - Lenz","isPartOf":{"@id":"https://lenzlatam.com/#website"},"datePublished":"2022-11-25T01:02:26+00:00","dateModified":"2022-11-25T01:11:14+00:00","breadcrumb":{"@id":"https://lenzlatam.com/faq-items/toimivatko-projektitiimilaiset-yrittajina-vai-tyontekijoina/#breadcrumb"},"inLanguage":"fi","potentialAction":[{"@type":"ReadAction","target":["https://lenzlatam.com/faq-items/toimivatko-projektitiimilaiset-yrittajina-vai-tyontekijoina/"]}]},{"@type":"BreadcrumbList","@id":"https://lenzlatam.com/faq-items/toimivatko-projektitiimilaiset-yrittajina-vai-tyontekijoina/#breadcrumb","itemListElement":[{"@type":"ListItem","position":1,"name":"Etusivu","item":"https://lenzlatam.com/"},{"@type":"ListItem","position":2,"name":"FAQs","item":"https://lenzlatam.com/faq-items/"},{"@type":"ListItem","position":3,"name":"Toimivatko projektitiimiläiset yrittäjinä vai työntekijöinä?"}]},{"@type":"WebSite","@id":"https://lenzlatam.com/#website","url":"https://lenzlatam.com/","name":"Lenz","description":"Lenz","potentialAction":[{"@type":"SearchAction","target":{"@type":"EntryPoint","urlTemplate":"https://lenzlatam.com/?s={search_term_string}"},"query-input":{"@type":"PropertyValueSpecification","valueRequired":true,"valueName":"search_term_string"}}],"inLanguage":"fi"}]}</script>
<!-- / Yoast SEO plugin. -->

Toimivatko projektitiimiläiset yrittäjinä vai työntekijöinä? - Lenz

Kaikki projektitiimeihin valitut toimivat kevytyrittäjinä. Lenzin työprojektissa voi siis kokeilla matalalla kynnyksellä yrittäjänä olemista yhteisöllisellä meiningillä ja kokeneemmat [&hellip;]
